3 - -5) - (0 - -8). Determine v(s).
-7
Suppose 0 = -7*v + 183 - 169. Let f(l) = -12 - l**3 + 22 - 5*l - 7 + 6*l**v. Determine f(5).
3
Let j(t) = -t**3 + 49558*t**2 - 7 + 5*t**3 - 2*t**3 - 49574*t**2. Determine j(8).
-7
Suppose 241*t - 240*t = -4*q + 36, -3*q - 3*t = -18. Let n(k) = k**3 - 6*k**2 - 42*k + 15. What is n(q)?
-5
Let u(f) be the first derivative of 0*f + 9/2*f**2 + 8 + 5/6*f**3 + 7/24*f**4 + 1/60*f**5. Let w(l) be the second derivative of u(l). Determine w(-5).
-5
Let k(d) = -2*d - 7. Suppose 16*h + 45 = h. Let n be h*3 - ((8 - 15) + 5). Determine k(n).
7
Let t(q) = -9*q**2 + 10*q. Let l(c) = 16*c**2 - 30162*c + 0 + 2 + 30142*c. Let f(a) = -4*l(a) - 7*t(a). Calculate f(6).
16
Let r(p) = p**2 - 18*p + 92. Let z be r(15). Let v(d) = 53*d + z*d + 5 + 47*d + 55*d - 203*d. Give v(12).
-7
Let d(n) = -4*n + 1. Let m(u) = 17*u - 56. Let y = 823 - 824. Let p(f) = y*m(f) - 4*d(f). Determine p(0).
52
Let w be (-2)/(-1) + (-1 - -1). Suppose 1 = w*p + 5*j - 3, j = 0. Let r(g) = 4*g**2 + 9 + 1 - 9 - 3*g**p - 2*g + 2*g**3. Calculate r(-2).
-7
Let u(w) = -w**3 - 3*w**2 + 10*w. Let x be u(-5). Suppose -n = -3*z - 15, x = 3*z + 2*n + 1 + 14. Let a(m) = -m**2 - 2*m + 3. What is a(z)?
-12
Let t(i) = i. Let c(h) = 2*h. Let f(g) = -6*c(g) + 13*t(g). Let s(q) = -q**3 + 12*q**2 - 31*q + 106. Let d be s(10). Determine f(d).
-4
Suppose 3*z = 12*z + 49*z + 232. Let a = 7 + -5. Let t(w) = 14*w**a + w**3 + 0*w - 9*w**2 - 5 + 0*w + 4*w. Calculate t(z).
-5
Let l(m) = m**3 + 9*m**2 - 25*m - 17. Suppose -54*h - 8993 = -8399. Give l(h).
16
Let d(a) be the third derivative of a**5/60 - 5*a**4/4 + 83*a**3/6 - 80*a**2 - 4*a. Calculate d(27).
2
Let x be (-1)/5*((-816)/224 - (-24)/21). Let o(h) be the first derivative of x*h**2 - h - 14. Give o(3).
2
Let r(x) = x**3 + 13*x**2 - x - 1. Let t = 677 + -643. Suppose -53*l - 247 = -t*l. Determine r(l).
12
Suppose -201 = -12*d + 3. Let w(j) = -2 + 18*j**2 - 4 - d*j**2 - 5 + 7*j. Determine w(-9).
7
Suppose 3*h + 17*c - 1 = 15*c, 2*c + 8 = 0. Let w(f) = f**2 - f**h - 6*f**3 - 6*f + 6*f + f - 1. Suppose u = 3*u - 2. What is w(u)?
-6
Let h(d) be the third derivative of -d**6/120 - 11*d**5/20 - 9*d**4/8 + 82*d**3/3 - 2308*d**2. Determine h(-32).
4
Let p = -2837 + 2863. Let f(s) = s**2 - 23*s - 40. Calculate f(p).
38
Let n be (-2 + 4)*14/168*-18. Let o(x) = -14*x - 11. What is o(n)?
31
Let a = -289 - -291. Let h(t) = 3*t**a + 7*t**3 - 8*t**3 + 1457 + t - 1458. What is h(3)?
2
Let a(u) = -u - 1. Let c(z) = 2*z**3 + 2*z**2 - 3*z - 2. Let h(i) = -a(i) + c(i). Let f be (-23)/(-92)*(50 + 2). Suppose f*g + 44 = 18. Calculate h(g).
-5
Let z(b) = -b**3 + 7*b**2 + 7*b - 1. Suppose 22*d - 135 = 87 - 68. Determine z(d).
48
Let k(u) = u**3 - 13*u**2 - 16*u + 37. Let p = -66 + 80. Let s be k(p). Suppose -21*g + s = -18*g. Let q(z) = z**2 - z + 2. What is q(g)?
8
Suppose 0*f + 25 = 5*w + f, w + 14 = -4*f. Let i(z) = -8 - 9 + w + z. Calculate i(0).
-11
Let y(v) be the third derivative of -5*v**4/12 - 26*v**3 + 2252*v**2. Give y(-16).
4
Let o(w) be the second derivative of -5*w**2 + 1/6*w**3 + 141*w + 0. What is o(0)?
-10
Suppose 0 = -0*h - 4*h + 3*a - 547, -3*a + 3 = 0. Let o = 142 + h. Let d(s) = -4*s + 8. Calculate d(o).
-16
Suppose z = 5*d - 25 - 13, 0 = -4*d + 4*z + 40. Let k = 11 - d. Let v be 10/(-4) - (-1)/2 - k. Let f(a) = a**2 + 7*a - 3. Calculate f(v).
-9
Suppose -4*f - 4*p + 8*p - 1920 = 0, -4*f - 4*p = 1896. Let r = 474 + f. Let h(o) = o**3 + 3*o**2 + 2*o - 2. What is h(r)?
-8
Let b(j) = -4*j - 9633*j**2 + 9632*j**2 + 54 - 30. Calculate b(-6).
12
Let a(t) = 19*t - 579*t**2 + 567*t**2 + 6 + t**3 + 5. Give a(10).
1
Let r(n) = 7*n + 17. Let v(z) = -z + 1. Let k(s) = r(s) + 4*v(s). Let f be k(-8). Let b(t) = 2*t**2 + 4*t + 4. Calculate b(f).
10
Let j = -2 - -4. Let i(r) = 7 - 10*r**j + r + 7 + 9*r**2 - 12. Suppose 0 = -u + 3 - 1. Give i(u).
0
Let q(b) = 2*b**2 + b**3 - 1 - 9*b + 3*b**2 + 0*b. Suppose 410 + 422 = 16*l. Suppose -f + 46 = l. What is q(f)?
17
Let f(x) be the second derivative of -x**4/12 - x**3 + 3*x**2/2 + 2*x. Let g(h) = h**3 + 12*h**2 - 43*h - 12. Let k be g(3). Determine f(k).
3
Let b = 125 + -120. Let s be 22/b - (6 - 196/35). Let t(m) = m**3 - 5*m**2 + 4*m - 8. Calculate t(s).
-8
Let s be (1*-18)/((-96)/48). Suppose -s*q + 468 - 450 = 0. Let f(l) = 1 - 2*l**2 + 2*l - 3 + 0*l + l**3. What is f(q)?
2
Let s = 290 - 288. Let g(o) = 5*o**3 - 5*o**2 + 11*o - 12. Let x(k) = -3*k**3 + 6*k**2 - 10*k + 12. Let c(t) = s*g(t) + 3*x(t). Determine c(-9).
3
Let p(l) be the first derivative of -l**4/4 + 23*l**3/3 + 23*l**2/2 + 26*l - 1560. Calculate p(24).
2
Suppose 10*x = 15 + 65. Let y(i) = 0*i + 1 + x*i + 2*i - 3*i. Give y(-1).
-6
Let s(r) = 2. Let i(t) = 14*t - 147. Let j(a) = -i(a) - 5*s(a). What is j(10)?
-3
Let a(y) = -85*y + 1532. Let m be a(18). Let z(r) = 47*r - 63. What is z(m)?
31
Let h(g) = -g**3 - 10*g**2 + 12*g + 16. Suppose 4*d - 2*i - 60 = 180, 3*d - 4*i = 185. Suppose -5*l = 4*j + d, -3*l - 5*j = -j + 37. Determine h(l).
5
Let m(x) be the third derivative of -x**6/120 - x**5/30 - x**4/24 - 11*x**3/6 + 28*x**2 - 6*x. Calculate m(0).
-11
Let o(r) = -6*r - r - 102 + 44 - 218. Give o(-38).
-10
Let c = -293 - -297. Let s(u) = -u**3 + 3*u**2 + 12*u - 17. Give s(c).
15
Let n(k) = k**3 - 3*k**2 + 3*k + 11. Let a be 4/76 - (-975)/247. Give n(a).
39
Suppose 0 = 11*u + 23*u + 9860. Let t be (116/u)/((-2)/10). Let w(f) = -2*f**3 + 3*f. Determine w(t).
-10
Let j(p) = -11*p + 9. Let i be -3 - (8/(-10))/(4/50). Give j(i).
-68
Let k(a) = 16*a + 2. Suppose 35*m - 50*m + 60 = 0. Let h(l) = -l**3 + 6*l**2 - 10*l + 10. Let o be h(m). Calculate k(o).
34
Let f(p) be the first derivative of 13*p**2 + 25*p + 1932. What is f(-1)?
-1
Let q(j) be the first derivative of j**4/4 + j**3 - 3*j**2/2 - 3*j + 42. Suppose -l - 4 = 4*c - 5, -2*c = -5*l + 5. Suppose 3*f - 35 + 41 = c. Calculate q(f).
7
Let h be 0 + -3 - 15/(-3). Let r(i) = -i + 2*i + i - 5*i - 1. Give r(h).
-7
Let b(s) be the second derivative of s**5/20 + 9*s**4/2 - 2*s**3/3 - 117*s**2 - s + 2906. Determine b(-54).
-18
Let u(n) = 65*n**3 - 7*n**2 - 17*n - 7. Let p(f) = 97*f**3 - 11*f**2 - 27*f - 11. Let m(h) = -5*p(h) + 8*u(h). Calculate m(-1).
-36
Suppose 18*k + 5*k + 47 = -24*k. Let w(l) = 2*l**3 - l**2 - l - 1. Determine w(k).
-3
Let j be ((-4)/(-10) - 8)*10/(-4). Let a(v) = -v**2 + 27*v - 152. Determine a(j).
0
Let x(j) = 12*j - 188. Let d = 12460 + -12443. Give x(d).
16
Let c(v) = -6 + 22 - 12 + v + 7 + 2*v. Calculate c(0).
11
Let o(p) be the third derivative of p**6/360 + 17*p**5/120 + p**4/12 + 142*p**3/3 - 198*p**2. Let w(k) be the first derivative of o(k). What is w(-14)?
-40
Let k be (-90)/(-6) - (-1 - -5)/2. Let p(d) = -k - 19 + 32 - 5*d. Calculate p(2).
-10
Let x = 134879 + -134884. Let d(n) = n - 1. Let t(q) = q - 1. Let o be t(3). Let h(c) = -c**2 - 4*c + 7. Let w(a) = o*d(a) + h(a). Calculate w(x).
-10
Let q(g) = 4*g**3 - 81*g**2 - 4*g - 73. Let f(w) = -w**3 + 18*w**2 + w + 19. Let v(l) = -9*f(l) - 2*q(l). Suppose -5*b = -2*b. Determine v(b).
-25
Let a(j) = j**2 + 106*j + 1052. Let w be a(-95). Let u(i) = i**3 - 6*i**2 + i - 62. Determine u(w).
-6
Let b(a) = -a**2 + a. Let l(y) = 20*y**2 - 5*y. Let r(x) = -5*b(x) - l(x). Suppose v + 3 = -4*n, -774*n + 772*n - 3*v + 1 = 0. Determine r(n).
-15
Let o(b) be the third derivative of 7*b**4/24 - 2*b**3/3 + 225*b**2. Give o(-3).
-25
Let p(s) be the third derivative of s**6/360 - s**5/40 - 5*s**4/24 + 14*s**3 + 10*s**2. Let t(a) be the first derivative of p(a). Calculate t(6).
13
Let c(i) be the third derivative of -2*i**2 + 1/2*i**3 + 1/4*i**4 + 2*i + 0. Give c(-4).
-21
Let t(f) = 11*f**2 - f + 1. Let c(u) = 13*u**2 - 75*u + 36. Let k(v) = -19*v**2 + 112*v - 55. Let g(s) = 7*c(s) + 5*k(s). Let m be g(8). Calculate t(m).
11
Let a(d) be the third derivative of -d**4/8 + d**3 + d**2. Suppose -194 + 200 = -2*y. Let f(s) = -34*s - 98. Let t be f(y). Calculate a(t).
-6
Let u(x) be the third derivative of -x**6/180 - x**5/120 + 59*x**4/8 - 111*x**2. Let b(p) be the second derivative of u(p). Give b(3).
-13
Let j(o) = 25*o + 12 + o**2 - 29 + 3 - 96 - 41. What is j(5)?
-1
Let d(o) = -41*o**2 + 17 - 20*o - o**3 + 62*o**2 - 36*o**2 + 2*o**2. Determine d(-11).
-5
Let c(u) be the second derivative of 1/3*u**3 + 1 - 23*u - 4*u**2. What is